List the prime factors of s.
2, 3, 7
Suppose 0 = -4*b + 313 + 91. Suppose -34*o - b = -35*o. What are the prime factors of o?
101
Suppose -2520592 + 489118 = -194*h + 1412608. What are the prime factors of h?
41, 433
Let c = -496 + 508. Let i(o) = 6*o**2 + 15*o - 68. What are the prime factors of i(c)?
2, 61
Suppose -f + 3*h = -59581, -5*h = 54*f - 53*f - 59621. List the prime factors of f.
2, 47, 317
Suppose 10*g - 18 = 5*g - 4*m, 4 = 2*m. Suppose 4*j - 52 = 5*i - 4, 4*i = -g*j - 2. Suppose -j*z + 4*z + 69 = 0. What are the prime factors of z?
23
Let v(b) = b**2 + 6*b + 12. Let l be v(-4). Suppose 0 = -p + l*n - 331, 666 = -2*p - n + 5*n. Let z = p + 572. List the prime factors of z.
3, 79
Suppose -2856 = t - 7*t. Suppose 17*s - t = 3*s. What are the prime factors of s?
2, 17
Let o(r) = 67*r**2 - 100*r + 34. List the prime factors of o(10).
2, 47, 61
Suppose 4*p - 20499 = t - 2722, -15 = -5*t. What are the prime factors of p?
5, 7, 127
Suppose z - 41 = -5*r + 2, -3*r = 3*z - 69. List the prime factors of ((z/4)/3)/(21/4788).
2, 3, 19
Suppose -2*m + 22 = -3*m. Let q = 102 + m. Suppose 5*i - 175 = q. List the prime factors of i.
3, 17
Let o(s) = 3*s**3 - 23*s**2 + 36*s - 9. Suppose 4*b + 28 = 6*w - 5*w, -3*w = 4*b - 4. What are the prime factors of o(w)?
7
Let v(d) = -57*d**3 - d**2 + 2*d - 1. Let r be v(1). Let w = -63 - r. List the prime factors of (-118)/6*(-2)/(-4)*w.
59
Suppose -188 + 84 = -8*x. Suppose 0 = -4*f + x - 1, 2*f = 4*y - 1766. List the prime factors of y.
443
Suppose 4*z - 8 - 20 = 0. Suppose -4*p = -3*b - 1455, 5*b = 8 + z. List the prime factors of p.
2, 3, 61
Suppose -k + 2720 + 5536 = 3*a, 3*k - 4*a - 24859 = 0. List the prime factors of k.
3, 31, 89
Let t be ((-3)/(-5))/(3/((-75)/(-5))). What are the prime factors of (-9)/t*(-256 - (0 + 1))?
3, 257
Let d(n) = 8*n**2 - 6*n. Let x = -25 + 26. Let r be d(x). Suppose -2*t = r*i + 3*i - 222, -i - 555 = -5*t. List the prime factors of t.
3, 37
Let k(d) = -125*d - 879. What are the prime factors of k(-56)?
6121
Let l = -3411 + 5896. What are the prime factors of l?
5, 7, 71
Suppose 83 = -2*a + 85, -3*s = 2*a - 206570. List the prime factors of s.
2, 3, 19, 151
List the prime factors of -10239*((-4)/(-18) - 110/90).
3, 3413
Suppose 1 + 1 = 2*s. Let w be s*201/6*6. Suppose v - w = -69. What are the prime factors of v?
2, 3, 11
Suppose 5*k - 999 = -3*k - 167. Let n = 972 + -484. Suppose -f + p = -k, p - n = -5*f - 2*p. List the prime factors of f.
2, 5
Let i(x) = -3698*x + 84. List the prime factors of i(-5).
2, 37, 251
Let w(j) = -4*j**2 - 28*j - 1. Let g be w(-5). Suppose 28*p + 3168 = g*p. List the prime factors of p.
2, 3
Suppose -40*j - 82443 = -45*j + 4*v, 2*j = -5*v + 32931. List the prime factors of j.
53, 311
Suppose -19 = n - 20. Suppose 3*d = 8*d - 45. List the prime factors of 1 + n - (-85 - d).
2, 3
List the prime factors of (0 - 3052/(-6))/((-34)/(-204)).
2, 7, 109
Suppose -812 = 46*w - 48*w. Suppose -w = -8*p + 1754. What are the prime factors of p?
2, 3, 5
Let z(s) = 3*s + 45. Let p be z(28). Let b = p - 63. What are the prime factors of b?
2, 3, 11
Suppose -23*p - 217 = -677. What are the prime factors of 5*-50*(-21 + p)?
2, 5
Suppose 20 = 5*w, 66*y - 62*y - 47336 = w. List the prime factors of y.
3, 5, 263
Let b = 328 + -294. Let i = b - -1. List the prime factors of i.
5, 7
Suppose 2*f - 5*a + 4 = 42, 2*f - 3*a - 30 = 0. Suppose f*l - 9 - 9 = 0. What are the prime factors of l/(-24)*-183*8?
2, 61
Let b = 136 + -133. Suppose 0 = b*s - 0 - 6. Suppose s*p = 11*p - 180. List the prime factors of p.
2, 5
Suppose 8*l + 1594 = -782. Let v = 554 + l. List the prime factors of v.
257
Let s = 9089 + -3695. Suppose -18*x + s = -5406. What are the prime factors of x?
2, 3, 5
Suppose 5*a = 4*f - 41947, 59269 - 17282 = 4*f + 3*a. What are the prime factors of f?
7, 1499
Suppose -8*t = t - 36. Suppose 6 = -4*x - 2*p, 5*x - 4 - 8 = t*p. Suppose -a + 0*a + 69 = x. List the prime factors of a.
3, 23
Suppose 5*u + 141*r - 139*r - 11631 = 0, 0 = 4*u - 2*r - 9294. What are the prime factors of u?
3, 5, 31
Let c = 387 - 382. Suppose 2*y + 1807 = 3*h, h + c*y + 63 = 688. What are the prime factors of h?
5, 11
Let x be (-2 + 4/(-10))/((-8)/20). What are the prime factors of -235*-1*-2*(-3)/x?
5, 47
Let u be (-5)/(-1)*2/5 + 923. Suppose 0 = 2*s - 2, u = 5*f - s - 4*s. List the prime factors of f.
2, 3, 31
Let c(g) = 5*g - 56. Let j be c(12). Let v(k) = -2 + 16*k + 22*k - 7. What are the prime factors of v(j)?
11, 13
List the prime factors of 6419275/120 - 2 - 7/(-168).
2, 43, 311
Let a(g) = -g - 1. Let h(n) = -3*n - 5. Let o(y) = 4*a(y) - h(y). Let d be o(-4). Suppose -d*f + 167 = -4*f. What are the prime factors of f?
167
Let v = 29 + -33. Let h be v/((-16)/(-4)) - -50. Let b = h + -12. What are the prime factors of b?
37
Let x = -55 + 60. Suppose x*d - 230 = -2*m, -m - 3*m + 434 = -3*d. Suppose r - 37 = m. List the prime factors of r.
3, 7
Suppose -15646 = -32*q - 3806. Let w = q - 301. List the prime factors of w.
3, 23
Let i = -11 + 12. Let f be -2*i + 87 + 34. Suppose f = -3*l + 710. What are the prime factors of l?
197
Let n(m) = -4*m**3 - 9*m**2 - 6*m - 39. Let r be n(-8). Let d = r - 747. List the prime factors of d.
2, 367
Let j be (-16 + 10)*(-15386)/4. What are the prime factors of j/105 - 4/5?
3, 73
Suppose -153*r + 3915600 = 226651 + 182036. List the prime factors of r.
22921
Suppose -20 = -49*d + 176. Suppose -d*h + 3972 = -3*v, -4*h + 5*v + 3980 = -0*v. What are the prime factors of h?
2, 3, 5, 11
Suppose a - 12*l = -16*l + 1680, 0 = -5*a - 5*l + 8370. What are the prime factors of a?
2, 11, 19
Suppose 2*v - 1699 = 2*k + 3497, -4*k = -3*v + 7799. What are the prime factors of v?
2593
Let v be -2 + (6 + -4)/(2/(-4)). Let k(r) = 5*r**2 + 8*r + 13. Let d be k(v). Let a = d - 57. What are the prime factors of a?
2, 11
Let u be 2/((-4)/(-3)) - (-7)/14. Suppose -p - 195 = u*p. Let r = p + 158. What are the prime factors of r?
3, 31
Let j = 56 - 56. Let c be (j + -156)*19/(-38). List the prime factors of ((-8)/26)/2 + 4068/c.
2, 13
Let w(b) = 12*b**2 - b - 496. List the prime factors of w(-21).
4817
Suppose 0 = 2*k - 11 - 7. Let j(d) = 2*d - 15. Let q be j(k). Suppose -4*o = -5*c - 34 - 226, -q*o = -c - 206. What are the prime factors of o?
2, 5, 7
Suppose 3*b - 3*y + 87 = 6*b, 0 = -2*b - 3*y + 61. Suppose 0 = t - b + 20. List the prime factors of ((-4 - -3) + 9/t)*122.
61
Suppose 0 = 132*a + 977961 - 2676405. What are the prime factors of a?
3, 4289
Let n(v) = 1348*v**2 + 2*v + 164. List the prime factors of n(5).
2, 16937
Let p = 21 + 71. Suppose -4*c - 72 - p = -4*d, 136 = 4*d + 3*c. List the prime factors of d.
37
What are the prime factors of 5063814/882*(-14)/(-2)?
40189
Let h be (2 - 0)*(2 + 0). Let r be 164 - 32/(4 - 0). Suppose i - 78 = -3*q, -h*i + r = -2*i - q. List the prime factors of i.
2, 3, 13
Suppose 28*n + 272 = 36*n. Suppose 6*q = -h + 3*q + n, -86 = -4*h - 2*q. List the prime factors of h.
19
Suppose 7*z - 149 = -191. What are the prime factors of (10/z)/(285/(-151506))?
2, 443
Suppose 3*l - 2*v - 252 = 2*v, l - 65 = -5*v. Let d = l + -72. What are the prime factors of d?
2
Suppose 1411*u = 1390*u + 1207584. What are the prime factors of u?
2, 3, 599
Let o = 345 + -335. Suppose 16 = -4*z, 5*v + o*z - 6*z = 4604. What are the prime factors of v?
2, 3, 7, 11
Let w be (-1727)/7 + (-14)/49. Let a be (w/(-78))/(1/6). List the prime factors of 2*(-5 + -3 + a).
2, 11
Let l(d) = -2*d**3 + 12*d**2 + 3*d + 1. Let q be l(6). Suppose 16*g - q*g = -3759. What are the prime factors of g?
7, 179
Suppose -d = 4*v - 1003 - 26, 3*v + 5*d - 776 = 0. Suppose -f - 8 = -13. Suppose -v + 922 = f*w. What are the prime factors of w?
7, 19
Let t(h) = h**3 - h**2 + 4*h + 2. Let s(o) = -7*o**3 - o**2 - 3*o - 3. Let i = -114 - -113. Let j be s(i). What are the prime factors of t(j)?
2, 103
Let i be 10/(-45) + (-1 - (-249)/27). Suppose 0 = -7*o - i - 6. What are the prime factors of 2/(-1) + (-1 + o - -50)?
3, 5
Let t = -235 + 578. Let g = t - 255. What are the prime factors of g?
2, 11
Suppose 65*d = 3*k + 67*d - 84819, 5*k - 141390 = 5*d. List the prime factors of k.
3, 5, 13, 29
Let h(i) = -2*i - 24. Let s be h(16). Let y = -49 - s. Suppose y*d = 2*d + 520. What are the prime factor